 59
Let t(n) be the second derivative of -n**5 - n**4/12 + 2*n**2 + 18*n + 1. List the prime factors of t(-2).
2, 5
Let h be (-5)/((-30)/(-36)) - -26. Suppose 11696 = 54*m - h*m. List the prime factors of m.
2, 43
Suppose -2*z - 12 = -4*u + 2, 5*z - u = 10. Suppose -2*t - z*b = -1259, -t - 75 + 677 = -4*b. What are the prime factors of t?
2, 311
Let b(a) = 3416*a - 1193. What are the prime factors of b(6)?
97, 199
Let k = 305 - 337. List the prime factors of (-9018)/(-11) + k/(-176).
2, 5, 41
Suppose 32*f + 8 = 36*f. Suppose -4*n = 5*q - 12, 2 = -q - f*n - n. Suppose 3*t - 35 = 2*j, 0 = j + q. List the prime factors of t.
3
Suppose -29*g = -24*g - 15. Suppose p + 1230 = g*p. What are the prime factors of p?
3, 5, 41
Suppose 5*v - 757 = 2*u, -2*v - 2*u - 137 + 437 = 0. Let d = 293 - v. What are the prime factors of d?
2, 71
Let t be (-24)/(-4) + -5 - 13. Let k(v) = 2*v**2 - 14*v - 46. What are the prime factors of k(t)?
2, 5, 41
List the prime factors of (3 + -3 - 3) + 4709 + 2.
2, 11, 107
Let h(v) = 51*v**2 - 2*v - 1. Let p be h(-1). Let z = p - 19. Let f = z - -28. What are the prime factors of f?
61
Let s(j) = -18*j - 7. Let b = 36 + -54. List the prime factors of s(b).
317
Suppose -5*f = -10*f + 5. Let a(w) = -w**3 + w**2 + w. Let v(g) = -5*g**3 + 19*g**2 - 8*g + 15. Let r(c) = f*v(c) - 6*a(c). List the prime factors of r(-14).
3, 5
Let w(i) = 46*i - 112. Suppose 7*p = 2*p + 60. List the prime factors of w(p).
2, 5, 11
Suppose -3*k = 5*z - 4264 - 2328, z - 8778 = -4*k. What are the prime factors of k?
2, 1097
Let t(q) = 7*q - 14*q + 22 + q + 7*q. What are the prime factors of t(23)?
3, 5
List the prime factors of (-66)/(-3)*(-26952)/(-16).
3, 11, 1123
Let h(v) = -1284*v + 3358. What are the prime factors of h(0)?
2, 23, 73
Suppose 3*n + 90 = -5*f - 2*n, -77 = 4*f - n. Let w = f - -22. List the prime factors of (-40)/(-4)*(-15)/(-6)*w.
3, 5
Let v be -88*(-4 + 1 + 150/20). Let j = v + 853. List the prime factors of j.
457
Suppose 19*v - 18*v = a + 14859, -v = 3*a - 14835. List the prime factors of v.
3, 4951
Let x = -2905 - -5129. What are the prime factors of x?
2, 139
Let h(b) = 15*b**3 - 6*b**2 - 6*b - 105. List the prime factors of h(12).
3, 8293
Let d(n) be the second derivative of -2/3*n**3 + 0 - 47*n + 2/3*n**4 + 13/2*n**2. What are the prime factors of d(5)?
193
Suppose 50555 = p + 3*v, p + 879*v - 50548 = 877*v. List the prime factors of p.
2, 11, 2297
Suppose 1580*r - 565490 = 1548*r - 206802. List the prime factors of r.
11, 1019
Suppose -423325 = -54*i + 295469. List the prime factors of i.
3, 17, 29
Suppose -9*d + 741 + 11670 = 0. List the prime factors of d.
7, 197
Let a(g) be the second derivative of g**4/3 + 2*g**3 + g**2/2 - 16*g. Let j = -37 + 31. What are the prime factors of a(j)?
73
List the prime factors of 6465/1 - 2376/198.
3, 239
Suppose 77*c - 21 = 80*c. List the prime factors of (-862)/(2/c - 110/154).
2, 431
Let f be 12*1/2 - 6 - -21503. Suppose 16*p - f = 97. What are the prime factors of p?
2, 3, 5
Suppose -10619*h = -10596*h - 239798. List the prime factors of h.
2, 13, 401
List the prime factors of (3/9)/((-3*(-4)/(-57636))/(-5)).
5, 1601
Let c = -954 + 958. Suppose -2*l + 13*s - 11*s = -2984, 5*l - 7442 = -c*s. What are the prime factors of l?
2, 5, 149
Let k = 131 + -153. Let h = k + 263. What are the prime factors of h?
241
Let m(i) = 6*i**3 + 5*i**2 - 6*i + 12. Let s = 10 + -6. Let f be m(s). Suppose -3*r + f = -v, 754 = 5*r + 5*v - 6*v. What are the prime factors of r?
151
Suppose -v = -5*i - 22, 0*v = 4*v - 3*i - 20. Suppose 2*d - 752 = -v*w, 3*w + 3*d - 1128 = d. What are the prime factors of w?
2, 47
Let h(l) = 4*l + 49. Let y be h(0). Suppose -3*j + 625 = 5*i, 0 = i + 2*j - 76 - y. Suppose -5*u + 315 = -i. List the prime factors of u.
2, 11
Let s(g) = g**2 - 26*g - 2. Let n(k) = -2*k**3 + 12*k**2 - 11*k + 32. Let p be n(6). What are the prime factors of s(p)?
2, 1019
Let o(t) = 2*t**2 + 14*t. Let r be o(-8). Suppose 6*c = -r*c + 3630. What are the prime factors of c?
3, 5, 11
Let k = -7626 - -15975. List the prime factors of k.
3, 11, 23
Suppose 5*h + 0*y = -y + 18, 3*h - 18 = -3*y. Let g be (1 - (-4)/12)*h. Suppose -4*f + 484 = g*x, -4*f + 415 + 191 = 5*x. What are the prime factors of x?
2, 61
Let a = -16612 - -24818. List the prime factors of a.
2, 11, 373
Suppose -43*k - 18319 = -50*k. Suppose 2549 = 6*u - k. List the prime factors of u.
3, 7, 41
Let r(w) = 639*w - 19. Let t(m) = 321*m - 10. Let n(v) = -2*r(v) + 5*t(v). List the prime factors of n(4).
2, 3
Suppose -173648 = -88*l + 177*l - 97*l. What are the prime factors of l?
2, 10853
Let q(w) be the third derivative of -w**6/60 + 13*w**5/60 - w**4/3 + w**3 + 47*w**2. Let d be q(6). Let l(g) = g**2 - 14*g. What are the prime factors of l(d)?
2, 3, 5
Let z(x) = 337*x**2 + 20 + 346*x**2 + 64*x - 660*x**2 - x**3. List the prime factors of z(25).
2, 5, 37
Let r(i) = 24*i**3 + 3*i**2 - 83*i + 84. What are the prime factors of r(7)?
2, 7, 563
Suppose 2*n = 2*h - 46794, 5*h + 0*h - 3*n - 116991 = 0. List the prime factors of h.
2, 3, 5, 13
Suppose 12*c - 103466 - 161134 = 0. Suppose b - 16*b = -c. List the prime factors of b.
2, 3, 5, 7
Let t(p) = -p**2 + 14*p + 15. Let m be t(14). Suppose -24594 = -m*s - 10089. List the prime factors of s.
967
Let y(a) = -a**3 - 3*a**2 + 5*a + 6. Let u be y(-4). Suppose -v - 2*v = -u*t + 2, 2*t = 2*v - 2. What are the prime factors of 126 + 1/(v/(-8)*2)?
127
List the prime factors of (-3 - -62749) + (-1)/1*-3.
131, 479
Suppose 0 = 2*r + 9 - 13. Suppose r*h = 4*o + 536, 3*o + h + 401 = 2*h. Let m = -58 - o. List the prime factors of m.
3, 5
Suppose -2*c - 4*y - 6 = 0, -6*y = 5*c - 5*y - 30. Suppose c*o = 117 - 12. List the prime factors of 39*((-6)/27)/((-10)/o).
13
Suppose -8*z = -13*z + 80. Suppose 720 = z*q + 4*q. List the prime factors of q.
2, 3
Let z be ((-4)/(-5))/((-88)/(-27940)). Suppose -i = -63 - z. List the prime factors of i.
317
Let p(m) be the third derivative of m**6/120 + 7*m**5/30 + m**4/3 - 10*m**3/3 + 23*m**2. What are the prime factors of p(-12)?
2, 43
Let d = 16 + -4. Let c = d - 12. Suppose 5*k - 466 = -4*l, 5*l + c*l + 193 = 2*k. What are the prime factors of k?
2, 47
Let h be (-1 - -24*4/6)*1. Let n be (-80)/h*(-21)/2. Suppose -3*a = n - 209. List the prime factors of a.
3, 17
Let n = -360 - -376. Suppose -14*i + n*i - 1444 = 0. List the prime factors of i.
2, 19
Let z(o) = 3*o**2 - 43*o + 1490. What are the prime factors of z(44)?
2, 3, 17, 53
Let o be (-736)/(-21) - 88/1848. Suppose 4*j = s - 84, 0 = -2*s - 5*j + 407 - 174. Suppose o = c - s. List the prime factors of c.
139
Let d(g) = 438*g - 745. What are the prime factors of d(7)?
11, 211
Suppose -3*q = 4*o - 75305, 5*o - 1221 = -q + 92913. What are the prime factors of o?
67, 281
Suppose s - 10 = -4*s. Suppose -3*g - 330 = -3*d, -2*d + 0*g + 212 = s*g. Let i = d + -59. What are the prime factors of i?
7
Let g = -7585 - -21589. Suppose -30*q + 21*q + g = 0. What are the prime factors of q?
2, 389
Suppose 43*j - 331724 = 279. Suppose 0 = 11*t + j - 28621. What are the prime factors of t?
2, 5, 19
Let x = 2013 - 659. Let h = -939 + x. What are the prime factors of h?
5, 83
Let d be (-72)/(-32)*(-992)/12. Let x = -147 - d. What are the prime factors of x?
3, 13
Let t(a) = 7 + 1 - 8*a + 18 - 23*a**2 - 2*a**3 + a**3 - 3*a. What are the prime factors of t(-23)?
3, 31
List the prime factors of 5 + (40357 - 9) - -22.
5, 17, 19
Let v(c) = c - 7. Let z be v(9). Suppose -3*o - z*o + 100 = 0. List the prime factors of o.
2, 5
Let x(d) = -7*d - 3*d**3 - d**2 - 2*d**3 + 4*d**3 - 1 - 6*d**2. Let n be x(-6). Suppose -5*r + 494 = g, -193 = -r - r - n*g. What are the prime factors of r?
3, 11
Let i be (-30)/6 + 1770 + -3. Suppose 0*d - 4*d = -3*l + i, -l + 566 = 4*d. What are the prime factors of l?
2, 3, 97
Let g(i) = i**3 - 7*i**2 - 4*i + 13. Let f be g(7). Let y be (-360 + -1)*(53 + -43). List the prime factors of y/f - (-1)/3.
241
Suppose -5*t = -d - 10677, -4*t + 36*d - 37*d + 8556 = 0. What are the prime factors of t?
2137
Suppose -7*r - 3 = -38. List the prime factors of (5/r)/(-2) + (-813)/(-2).
2, 7, 29
Let p = 6496 + 2339. What are the prime factors of p?
3, 5, 19, 31
Let d(h) = -246*h - 357. List the prime factors of d(-11).
3, 29
Let l(g) be